 o**2/2 + 36*o. Give q(3).
10
Let x(k) = -11*k - 6. Let p(r) = -2*r - 1. Let g(i) = -34*p(i) + 6*x(i). Determine g(-3).
-8
Suppose -3*p + 5*c = 6*c - 14, 5*p + 2*c - 25 = 0. Let l(h) = 1 + 2*h + h - h - p*h. Calculate l(3).
-2
Let l(c) = 4*c + 3. Let f be l(-2). Let y be (f - 2) + 2 + 2. Let h(v) = -v**3 - 4*v**2 - 3*v - 1. Give h(y).
-1
Let p(i) = 1 - 10*i + 20*i - 8*i - 2. Calculate p(3).
5
Suppose -2*u = -7*u + 5. Let l be 2/(2*(0 - u)). Let z(j) = -8*j**2 + j + 1. What is z(l)?
-8
Let d(y) = -2*y + 1 + 0*y + y. Let x = -13 - -22. Let p = x + -6. Determine d(p).
-2
Let y(t) = -11 + 19 + 6*t - 2*t. Calculate y(-6).
-16
Let b(x) be the third derivative of -x**7/2520 - x**6/720 - x**5/8 + x**4/24 + 4*x**2. Let n(h) be the second derivative of b(h). Give n(0).
-15
Let z(f) = 10*f - 1. Let l(s) = 40*s - 5. Let t(v) = 2*l(v) - 9*z(v). Give t(1).
-11
Let f(w) be the first derivative of w**3/3 - 7*w**2/2 + 4*w + 7. Give f(4).
-8
Suppose -2*u = -4*u. Let b = u - -9. Let h(z) = -z**2 + 3*z - 5. Let a(w) = -5*w**2 + 12*w - 21. Let d(k) = b*h(k) - 2*a(k). Calculate d(-5).
7
Let y(j) = j - 1. Let o(u) = -u - 5. Let v(t) = 5. Let z(n) = 5*o(n) + 6*v(n). Let b(w) = 6*y(w) + z(w). What is b(1)?
0
Let c(u) be the third derivative of -u**6/120 - u**5/30 - u**3/3 - 2*u**2. Let d be (1 + -3)*3/6. Let l(o) = 2*o. Let s be l(d). Calculate c(s).
-2
Let z(v) = v + 1. Let m(g) = -7*g - 5. Let a(k) = -m(k) - 2*z(k). Give a(-2).
-7
Let t(k) be the second derivative of k**6/720 + k**4/2 - 6*k. Let h(g) be the third derivative of t(g). What is h(5)?
5
Let v(i) = 14*i + 32. Let x(j) = 5*j + 11. Let u(l) = -4*v(l) + 11*x(l). Give u(6).
-13
Let s(p) = -2*p + 3*p**2 - 2 - p + p + p**3. Let v be s(-3). Let h(b) be the third derivative of b**5/60 - b**4/8 - b**3/2 + b**2. What is h(v)?
1
Let x(v) = v**2 + 5*v + 1. Let s(c) = -c**2 - 9*c - 2. Let r(n) = 3*s(n) + 5*x(n). Determine r(2).
3
Let s be (60/18)/(2/12). Suppose 0 = g + g + 4*b - 16, s = 2*g + 5*b. Let o(v) = v**3 - v**2 - v - 9. Calculate o(g).
-9
Let x(f) = 2*f**2 - 4*f - 2. Let p(i) = -5*i**2 + 3*i**2 + 2*i + 1 + 0 + i**2. Let d(z) = 11*p(z) + 6*x(z). Determine d(3).
2
Let w(r) be the first derivative of -r**2 + 4*r + 3. Suppose 4*a - 2*g - 8 = -3*g, -3*g = -3*a + 21. What is w(a)?
-2
Let i(s) be the second derivative of s**3/6 - 5*s**2 + 89*s. Let g = -2 - -2. Give i(g).
-10
Let k(u) be the third derivative of u**6/120 + u**5/60 - u**4/8 + u**3/2 - 4*u**2. Give k(2).
9
Let y(u) be the first derivative of -u**3/3 + 5*u**2/2 + 3*u + 1. Let m(b) = -4*b - 47. Let v be m(-13). Give y(v).
3
Suppose -8 + 2 = -3*k. Let r be 40/(-12)*(-3)/k. Let c(d) = r*d + 0*d - 6*d. What is c(-2)?
2
Suppose -4*v + 5 + 7 = 0. Let z = 8 - v. Suppose c - 2 + z = 0. Let s(y) = -y**3 - 4*y**2 - 3*y - 1. Give s(c).
-1
Let l(i) be the second derivative of 2*i**3/3 - i. Let k(m) = 2*m**3 - m**2 + 1. Let j be k(-1). Let q = 4 + j. Calculate l(q).
8
Let m = -1 + 4. Suppose s + 2*s - 2*j = 11, 0 = 5*s + 5*j - 10. Let k(q) = -q**2 - q**s - q + 0 + m - 2. What is k(0)?
1
Let g = -6 + 11. Suppose 5*q - y + 9 = -5*y, 5 = -g*y. Let r(k) = 0 + k**3 + k**3 + 1. Calculate r(q).
-1
Let t(d) = d**3 - d**2 + d - 1. Let q(m) = 5*m**3 - 11*m**2 + 6*m - 1. Let j(f) = q(f) - 6*t(f). What is j(-5)?
5
Let l be (0*1/2)/(-2). Let r(g) be the third derivative of 1/24*g**4 - 1/60*g**5 + 0 - 3*g**2 + 0*g + g**3. Give r(l).
6
Let k(x) = x**3 + 6*x**2 + 5*x - 6. Suppose 0 = -f + 5*f - 72. Let t = 13 - f. What is k(t)?
-6
Let n(o) = -5*o**3 - 54 + 54 + o**2. What is n(-1)?
6
Let x(w) = -5*w - 1. Let l = 31 + -30. Calculate x(l).
-6
Let i(w) = -w. Let p(l) = -l**3 - l**2 + l + 1. Let a(c) = 5*c**3 - 3*c**2 - 3*c - 7. Let u(f) = a(f) + 4*p(f). Let z be u(7). Calculate i(z).
-4
Suppose h - 2*h = -2. Let b(l) = h - 1 - 6*l + 4*l. Determine b(1).
-1
Let u be 10*(14/10 - 1). Let q = -1 + 2. Let i(b) = 7*b**3 - 3*b**2 - 3*b - 4. Let c(w) = -w**3 + 1. Let k(t) = q*i(t) + 6*c(t). Calculate k(u).
6
Let v(g) = 137*g - 70*g - 1 - 70*g - 8. What is v(-4)?
3
Let l be 4 + 4/(-2) + 0. Let m(g) = 7*g**2 - 7*g**l + g - 7 - g**3. Give m(0).
-7
Suppose -4*h - 42 = -3*u, 0 = 2*u + 2*h + 6 - 20. Let b = 5 - u. Let f(w) = w**3 + 5*w**2 + 2. What is f(b)?
2
Suppose 3*h + 2 = 2*h, -8 = -5*u + 4*h. Let z(n) be the first derivative of n**4/4 + n**2/2 - 7*n + 72. Give z(u).
-7
Let k(u) = u**3 + 3*u**2 - 2*u - 2. Let l = -27 - -23. Determine k(l).
-10
Suppose v - k + 15 = -4*v, -2*v + 2*k = 6. Let x(p) = 7*p + 4. Give x(v).
-17
Suppose -p = 0, -2*m + 40 = -p - 4. Let g be (-11)/(-3) + (-2)/(-6). Suppose g*o - 2 = -m. Let q(w) = w**2 + 4*w - 4. Give q(o).
1
Let j(y) = 13*y**2 - 15. Let p(z) = z**2 + 2*z - 2. Let u be p(2). Let c(g) = -7*g**2 + 8. Let x(l) = u*j(l) + 11*c(l). Determine x(0).
-2
Let d(v) = -v**3 + v**2 - v + 2. Suppose -3*h - 12 = -12. Calculate d(h).
2
Let j(f) = f - 2. Let t(a) = a**2 + 7*a + 7. Let g be t(-7). Let w(s) = s**2 - 4*s + 8 + 0 - 4*s. Let i be w(g). Calculate j(i).
-1
Let f(c) = 2*c - 2. Let z(v) = v - 1. Let j be 3*(13/3)/(-1). Let p(h) = j*z(h) + 6*f(h). Give p(-2).
3
Let f(k) = 3*k + k**3 + 6 - 5*k - k**2 + 0*k**3 + k. Give f(0).
6
Suppose 3*o - 896 = -o. Suppose o = -4*w + 32. Let k be 4/14 - w/28. Let r(u) = -u + 2. Calculate r(k).
0
Let v(s) = -s**2 - 2 + 7*s - s + s. Give v(5).
8
Let v(j) be the first derivative of -j**6/120 - j**5/60 - j**4/8 - j**3/6 + j**2 - 3. Let g(p) be the second derivative of v(p). Calculate g(-2).
9
Let w(d) = -2*d - 4*d + 5*d. Suppose 0 = -5*k - p + 12, 2*p + 25 = 5*k + 4. What is w(k)?
-3
Let j(f) = f**3 - 3*f**2 + 2*f. Let w = 10 + -6. Let y = w + -1. Calculate j(y).
6
Suppose 5*v + 25 + 0 = 0. Let n = v + 8. Let m(b) = -3*b + 3. Give m(n).
-6
Suppose 12 = -4*q + 6*q. Let i be (2 - -2)*1/(-2). Let m be (9/(-3))/q*i. Let w(f) = -f. Determine w(m).
-1
Let n(r) = -3*r + 4*r - 8 + 0*r. Give n(0).
-8
Let a = 7 + -5. Suppose -a*i = -4*i - 2. Let n(b) = -b**2 + 6*b**2 + b + b**2. Give n(i).
5
Let y(k) be the third derivative of k**5/60 + 5*k**4/24 + 7*k**3/6 + 5*k**2. Let g(j) = j + 6. Let z be g(-11). Calculate y(z).
7
Let k be 1 + (-3)/((-3)/(-55)). Let p be k/10 + (-4)/(-10). Let f(j) = -2*j**2 - 4*j**2 + 3*j**2 - 66*j + 72*j + 4*j**2. Determine f(p).
-5
Let n(y) = -3*y + 1. Let q(p) = p + 2. Let l be q(0). Suppose 2 + l = 4*c. Give n(c).
-2
Let k(i) be the third derivative of 1/120*i**6 + 1/24*i**4 + 3*i**2 - 1/60*i**5 + 0*i + 0 - 2/3*i**3. Determine k(0).
-4
Let a = -1 + 1. Let m = 38 - 26. Let v(o) = -3*o**2 + m*o**2 - 1 + 2*o - 4*o + a*o. Give v(-1).
10
Suppose 2 - 14 = -3*b. Suppose -3*p + 11 + b = 0. Let w(l) = 2*l + 4. Let m(i) = i + 5. Let v(f) = -3*m(f) + 2*w(f). Give v(p).
-2
Let n(a) = -a**2 - 4*a - 2. Let y be n(-4). Let t(s) = 7*s**2 - 2*s**2 - s**2 - s**2 + 3*s. Determine t(y).
6
Let u(m) = 3. Let t(a) = -4*a + 14. Let f(x) = -t(x) + 5*u(x). Let q(s) = -s + 1. Let v be q(2). Give f(v).
-3
Let j(l) = l**2 + 6*l + 4. Suppose -2*u - 10 = 0, -4*m - u - 4*u = 41. What is j(m)?
-4
Let n be (-30)/75 - (-12)/5. Suppose 0 = n*o - 7*o + 20. Let t(b) = b**2 - 6*b + 1. Give t(o).
-7
Let i(y) be the second derivative of 0 + 0*y**2 - 7/6*y**3 + y. Give i(-1).
7
Let w(l) = -l**3 + 3*l**2 - 2*l - 2. Suppose 0 = i - 4*i + 9. Give w(i).
-8
Let u(i) be the second derivative of -i**7/840 - i**6/120 - i**5/60 - i**4/8 + 2*i**3/3 - 2*i. Let f(q) be the second derivative of u(q). What is f(-2)?
-3
Suppose 0 = -w - 2, -g + 5*w + 6 + 10 = 0. Let a(b) = b**3 - 5*b**2 - 2*b. Calculate a(g).
24
Let x(i) = -i**3 - 3*i**2 + 2*i - 3. Let z be ((-9)/(-12))/((-2)/(-8)). Suppose -5*u + z*o + 39 = 0, -2*o - o = u + 3. Let s = u - 10. Calculate x(s).
5
Let p(z) = 2*z + 9. Let u(m) = -1. Let b(j) = -p(j) - 6*u(j). What is b(-6)?
9
Let k(s) = 4*s**3 - 12*s**2 + 11*s - 2. Let n(d) = 3*d**3 - 11*d**2 + 10*d - 2. Let o(z) = -2*k(z) + 3*n(z). Give o(8).
-2
Suppose h = -0 - 2. Let g be h/(-3) + 13/3. Let o(x) = 8 + 5*x**2 - 2 - x**3 - 3 + x. Give o(g).
8
Let c(v) = 5*v**2 + 3*v + 1. Let l(b) = -9*b**2 - 5*b - 2. Let i(f) = -7*c(f) - 4*l(f). Determine i(-2).
7
Suppose 2*x - 1 = -3*w + 3, 4*w - 12 = -x. Let o(m) = -4 + 2 - 6*m - w + 4 - m**2. Suppose -y + 2*a + 4 = -2, -11 = 4*y - a. Calculate o(y).
6
Let z(w) = -1 + 17*w - 9*w - 9*w. Give z(-1).
0
Let j(v) = -18*v 